284 + k. What are the prime factors of f?
2, 3, 17
Let i be (9419 - -33)/((-1)/(-1)). Suppose -i = -23*f - 2529. What are the prime factors of f?
7, 43
Let i = -325 - -327. Let g(n) be the second derivative of 44*n**3/3 - 3*n**2 - 2*n. What are the prime factors of g(i)?
2, 5, 17
Let t(w) = 7*w + 26 + 64 + 24*w + 7 - 12. List the prime factors of t(6).
271
Let d = 66 - -14. Let w = d + -80. Suppose w = -k + 93 + 57. What are the prime factors of k?
2, 3, 5
Suppose -4*v + 3596 + 1932 = 0. Suppose -103 - v = -5*j. List the prime factors of j.
3, 11
What are the prime factors of (1/3)/(2/120574) - 4/(-3)?
3, 7, 11, 29
Let t be (7 + (-69)/12)*4. Suppose -t*u = 4*y - 5551, 14*y - u - 6946 = 9*y. List the prime factors of y.
3, 463
Let d(h) be the second derivative of h**6/120 - h**5/40 - h**4/3 + 5*h**3/2 + 24*h. Let u(z) be the second derivative of d(z). List the prime factors of u(5).
2, 13
Suppose -24*b + 1152 = -18*b. Suppose -3*r + 4*p = -7*r + 128, r + 5*p = 16. Suppose 3*h - b = -r. What are the prime factors of h?
2, 13
Suppose 5*t - 17 = -3*f, -3 = -2*f + t + 4. Suppose -f*c - 205 = -937. List the prime factors of c.
3, 61
Let p(h) = -7*h + 24 + 5*h + 2*h**3 - 13*h - 24*h**2 - 4*h**3. What are the prime factors of p(-12)?
2, 3, 17
Let f(l) = l**3 + 2*l**2 + 4*l + 584. Let m be f(0). Suppose 0 = -9*v + m + 1189. List the prime factors of v.
197
Let g be 4/(-22) + (-48)/(-22). Let f be 0/(-6 - (4 - (8 - 0))). List the prime factors of 1835/25 - f - g/5.
73
Suppose 46928*m = 46942*m - 593390. What are the prime factors of m?
5, 7, 173
Let c = -95531 + 141472. List the prime factors of c.
7, 6563
Let v be (-10 - (-20 + 9)) + -14. Suppose -4*a = 245 - 713. Let w = a + v. List the prime factors of w.
2, 13
Suppose 2*i + 5 = -11. Let d be (9 + i)*(147 - 2). Let c = -70 + d. List the prime factors of c.
3, 5
Let r(s) = -s**2 + 5*s + 41. Let d be r(-4). Suppose 0 = d*g + g - 2046. What are the prime factors of g?
11, 31
Let m(b) be the third derivative of b**6/120 + b**5/5 + b**4/4 - 5*b**3/3 + 3*b**2. Let u(i) = -i - 23. Let x be u(-12). What are the prime factors of m(x)?
3, 5
Let k = 638 + 161. Let v be k/(-141) - (5/(-3) + 1). Let a = 110 + v. What are the prime factors of a?
3, 5, 7
Let q(y) = y**3 - 33*y**2 - 172*y - 473. List the prime factors of q(38).
211
Let m = 3082 + -732. What are the prime factors of m?
2, 5, 47
Suppose -400*u + 15809507 = -12248893. List the prime factors of u.
2, 3, 433
Let w = 208 + -147. Suppose 5*k = 0, -2*x - 2*k - 8 = -5*k. Let q = w - x. List the prime factors of q.
5, 13
Suppose -5*q + 7127 - 27812 = 0. Let d = -2940 - q. List the prime factors of d.
3, 7, 19
Let q be (-1)/2 - ((-81914)/28 - -7). Let i = q - 991. What are the prime factors of i?
41, 47
Let h = -52649 + 80422. What are the prime factors of h?
27773
Let v(r) = -r**2 + 3. Let n be v(0). Suppose -n*x - 2*b + 7 - 23 = 0, -x = 2*b + 8. Let z(u) = -u**3 - 2*u**2 - u + 4. What are the prime factors of z(x)?
2, 5
Suppose 131651 = 36*i - 23*i. What are the prime factors of i?
13, 19, 41
Let k(f) = 2*f**2 - 5*f + 59. Let d be k(7). Let x = -132 + d. List the prime factors of x*18/(-24)*2.
3, 5
Let w = 1732 - 3654. Let a = -584 - w. What are the prime factors of a?
2, 3, 223
Let c = 76043 + -34206. What are the prime factors of c?
17, 23, 107
Suppose 2794 - 49148 = -22*i. List the prime factors of i.
7, 43
Suppose f + 43451 = 2*z, -31 = -f - 30. What are the prime factors of z?
2, 3, 17, 71
Let b be ((-2)/(-5) + (-67)/5)*-109. Suppose 0 = -b*o + 1423*o - 1806. What are the prime factors of o?
7, 43
Let l be ((6 - 4) + 2)*(-3 - -5). What are the prime factors of (-2)/l + 16372/16?
3, 11, 31
Let j(s) = -1472*s + 140. List the prime factors of j(-4).
2, 11, 137
Let l(s) = 20703*s**2 - 2*s. List the prime factors of l(-1).
5, 41, 101
What are the prime factors of (-42507)/(-6) + (-295)/118?
2, 3541
Suppose 5*r - 10 = -2*z, -4*r - r + 4*z + 40 = 0. What are the prime factors of (17472/20)/r + 16/(-40)?
2, 109
Let x(f) = 25*f**2 + 25*f - 180. List the prime factors of x(7).
2, 5, 61
List the prime factors of (676788/21 - 10)/(-3 - -5).
89, 181
Suppose 40*g + 65*g = 87*g + 80370. What are the prime factors of g?
5, 19, 47
Suppose 20 = -5*h + 20. Suppose h = 21*o - 27*o + 12. Suppose -o*b - 44 = -286. What are the prime factors of b?
11
Suppose 3*x - 69 + 18 = 0. Suppose 5*k + 2*l + 45 = 7*l, 0 = 2*k + 5*l - x. Let q(o) = o**2 - 6*o - 2. List the prime factors of q(k).
2, 19
Let y(o) be the second derivative of 9*o + 0 + 5/3*o**3 - 3/2*o**2. What are the prime factors of y(3)?
3
Let k(p) = 58*p. Let l be k(4). What are the prime factors of 1*l*(-88)/(-32)?
2, 11, 29
Let b = 41567 - -6169. List the prime factors of b.
2, 3, 13, 17
Let j = 414 - 148. Suppose -925 = -12*a + 119. Let b = j - a. What are the prime factors of b?
179
Suppose 0 = 55*j - 3*j - 228852. List the prime factors of j.
3, 163
Let x be (-6 - 21)*3*(-42)/(-27). Let o(j) = j**2 + 15*j - 8. Let z be o(-7). List the prime factors of ((-4)/1)/(-2 + x/z).
2
Let o(u) = -17 - 5 + 22*u - 12. Suppose 16 = -18*q + 20*q. List the prime factors of o(q).
2, 71
Let o be 28059/1833 - (-4)/(-13). Suppose -4*v = -6 - 6. What are the prime factors of ((-230)/(-25))/(v/o)?
2, 23
Suppose -n + 5*u + 6270 = 4*n, -4*n + 5*u + 5016 = 0. Suppose -f - 2*o = -392, -2*o + 706 + n = 5*f. List the prime factors of f.
2, 7
Suppose 3 = 4*s - 17. Let o(g) = 24 + 9*g - 11*g + s*g. What are the prime factors of o(10)?
2, 3
Let b(u) = -u + 7. Let k be b(31). Let s = k + 90. List the prime factors of s.
2, 3, 11
Let y = 699 + -694. What are the prime factors of 63/(y + 4) + 846?
853
List the prime factors of (-5054693)/(-258) + 4 + 69/(-18).
2, 31, 79
Suppose a + 12 = -5*y, 2*a - 4*y + 3*y + 79 = 0. Let x = a + 46. Let m(v) = 11*v - 19. What are the prime factors of m(x)?
2, 5
Let w(t) be the first derivative of -2*t**2 - 13*t - 15. Let v be w(12). Let m = 87 + v. List the prime factors of m.
2, 13
Let a(v) = 7*v - 37. Let b be a(19). Let u = -11 + 19. Let c = b - u. List the prime factors of c.
2, 11
Let o(y) = -7*y**2 + 222*y - 45. List the prime factors of o(18).
3, 11, 17
Let h(l) = -23*l**3 + 6*l**2 - l - 5. Let q(i) = 68*i**3 - 17*i**2 + 2*i + 16. Let t = 45 - 37. Let y(a) = t*h(a) + 3*q(a). What are the prime factors of y(2)?
2, 19
Let c(t) = 10*t + 28. Let h = 106 + -70. List the prime factors of c(h).
2, 97
Suppose -11180 = -43*y + 42*y - 5*z, 5*y - 4*z = 55958. List the prime factors of y.
2, 3, 5, 373
Let o = 540 + -1008. Let j = o + 700. What are the prime factors of j?
2, 29
Suppose -3*h = -5*w - 11819, h + 3*w - 4*w - 3935 = 0. What are the prime factors of h?
2, 491
Suppose 2*o + 2*o - 8 = 0. Let u be 4/18 + (-12 - (-4972)/(-99)). List the prime factors of u/(o*(-3)/9).
3, 31
Let r = 330 + -188. Suppose 3615 = -r*s + 147*s. List the prime factors of s.
3, 241
Suppose 5*r = 13127 + 18589 - 10111. List the prime factors of r.
29, 149
Suppose 10*l - 55 = -15. Suppose -4*r - l*r + 960 = 0. What are the prime factors of 568/10 - (r/25 - 5)?
3, 19
Suppose 2428 = 5*v - 2427. Let r = v - 567. What are the prime factors of r?
2, 101
Suppose 3*g + 6*g - 14499 = 0. Let t = 2605 - g. List the prime factors of t.
2, 7, 71
Let u(f) = -5*f**2 - 8*f - 13. Let w(c) = -c**2 + c + 2. Let o(k) = -u(k) - 5*w(k). What are the prime factors of o(6)?
3, 127
Let f(v) = -2*v**3 - 10*v**2 - 3*v - 10. Let t be f(-5). Suppose 5*r - 303 = 4*s - 1247, 3*s - 713 = t*r. What are the prime factors of s?
3, 7, 11
Let s = 81933 + -21616. What are the prime factors of s?
60317
Let d = 1905 - 1184. What are the prime factors of d?
7, 103
Let d(m) be the third derivative of -41*m**6/10 - m**5/30 + m**3/6 - 30*m**2 - 2*m. List the prime factors of d(-1).
491
Let w(r) be the first derivative of r**4/4 - 4*r**3 - 2*r**2 - 25. Let p be (-285)/(-19) + 2*-1. What are the prime factors of w(p)?
3, 13
Let z(t) = 213*t**2 + 54*t - 154. List the prime factors of z(11).
11, 2383
What are the prime factors of ((1 - 171/72) + (-18)/(-48))*-40364?
2, 10091
Let u be (-572)/(-55) + (-2)/5. Let x be ((-12)/u)/(3/(-1630)). Suppose 76*p = 72*p + x. What are the prime factors of p?
163
Suppose 0 = -2*p - 0 + 6. Suppose 126 + 183 = p*r. Suppose -148 = -3*l - 4*z + r, l -